rue
Does 9 divide 989641?
False
Does 416 divide 485888?
True
Is 6339522 a multiple of 49?
True
Does 8 divide 40108?
False
Is 19 a factor of 18836480?
False
Does 13 divide 891944?
False
Is 936968 a multiple of 122?
False
Does 309 divide 3082275?
True
Does 16 divide 487744?
True
Is 12 a factor of 63636?
True
Is 7 a factor of 4876821?
False
Does 106 divide 59678?
True
Is 265 a factor of 3824869?
False
Is 111454 a multiple of 133?
True
Is 164 a factor of 55924?
True
Does 69 divide 302496?
True
Is 194 a factor of 6819003?
False
Is 562253 a multiple of 540?
False
Is 2 a factor of 39898?
True
Is 1341 a factor of 8800764?
False
Does 4 divide 87856?
True
Does 3 divide 111195?
True
Is 151040 a multiple of 118?
True
Does 6 divide 78537?
False
Does 32 divide 219010?
False
Is 751284 a multiple of 492?
True
Is 292 a factor of 625787?
False
Is 755 a factor of 3815249?
False
Does 290 divide 360760?
True
Is 312232 a multiple of 27?
False
Does 22 divide 674586?
True
Does 1059 divide 1778574?
False
Is 925150 a multiple of 25?
True
Does 47 divide 296946?
True
Is 2 a factor of 97252?
True
Does 211 divide 2983751?
True
Is 48139 a multiple of 32?
False
Is 266325 a multiple of 251?
False
Is 6190984 a multiple of 73?
True
Is 55830 a multiple of 71?
False
Is 637203 a multiple of 15?
False
Is 389 a factor of 2901162?
True
Does 38 divide 415834?
True
Does 54 divide 33928?
False
Is 1361610 a multiple of 81?
True
Does 312 divide 1014936?
True
Is 22 a factor of 5794800?
True
Is 20 a factor of 19676889?
False
Is 172359 a multiple of 56?
False
Is 46 a factor of 3006882?
True
Does 308 divide 404367?
False
Is 61695 a multiple of 27?
True
Does 117 divide 1135134?
True
Is 3885152 a multiple of 766?
True
Is 25308384 a multiple of 16?
True
Is 67 a factor of 281467?
True
Is 2402499 a multiple of 141?
True
Is 157 a factor of 406787?
True
Does 50 divide 3300?
True
Is 372 a factor of 4294368?
True
Is 125802 a multiple of 18?
True
Is 1197 a factor of 678954?
False
Is 2262150 a multiple of 20?
False
Is 873809 a multiple of 36?
False
Does 19 divide 71024?
False
Does 11 divide 124481?
False
Is 14 a factor of 947202?
False
Does 40 divide 14494?
False
Is 111937 a multiple of 18?
False
Is 8014656 a multiple of 304?
True
Is 468624 a multiple of 104?
True
Is 205 a factor of 255413?
False
Does 37 divide 2459316?
True
Is 4832796 a multiple of 199?
False
Is 46 a factor of 5231297?
False
Is 72 a factor of 20435?
False
Is 12846615 a multiple of 962?
False
Is 208130 a multiple of 33?
False
Does 168 divide 274176?
True
Is 857 a factor of 26339?
False
Is 1539648 a multiple of 729?
True
Is 8 a factor of 9963395?
False
Is 12706 a multiple of 50?
False
Does 453 divide 16505034?
False
Is 150297 a multiple of 8?
False
Is 74070 a multiple of 10?
True
Is 1883901 a multiple of 93?
True
Is 627530 a multiple of 5?
True
Is 148 a factor of 52096?
True
Is 29674000 a multiple of 16?
True
Is 35623076 a multiple of 1948?
True
Is 26652202 a multiple of 591?
False
Is 33 a factor of 4360125?
True
Is 2087190 a multiple of 1131?
False
Is 15572601 a multiple of 297?
True
Is 69901 a multiple of 35?
False
Is 741817 a multiple of 14?
False
Does 28 divide 122220?
True
Is 829490 a multiple of 761?
True
Is 28654 a multiple of 3?
False
Is 152130 a multiple of 30?
True
Is 115 a factor of 482250?
False
Does 62 divide 396703?
False
Is 15 a factor of 114735?
True
Does 499 divide 572852?
True
Is 19 a factor of 5191902?
True
Does 133 divide 1654371?
False
Is 15 a factor of 387660?
True
Is 1759806 a multiple of 81?
True
Is 4216 a multiple of 31?
True
Is 4 a factor of 11934177?
False
Is 25 a factor of 718025?
True
Does 6 divide 120006?
True
Does 268 divide 3920933?
False
Is 11 a factor of 12053?
False
Is 12 a factor of 175872?
True
Is 300 a factor of 363992?
False
Does 3 divide 897532?
False
Is 91225 a multiple of 41?
True
Does 33 divide 237138?
True
Is 237276 a multiple of 169?
True
Is 1389118 a multiple of 29?
False
Is 6454 a multiple of 30?
False
Is 22 a factor of 14025990?
True
Does 953 divide 3074939?
False
Does 211 divide 384653?
True
Is 3663629 a multiple of 13?
False
Is 3845562 a multiple of 83?
False
Is 37 a factor of 606245?
True
Is 41418 a multiple of 118?
True
Is 1768360 a multiple of 88?
True
Is 2910276 a multiple of 389?
False
Is 1662672 a multiple of 23?
False
Is 204 a factor of 2863548?
True
Does 15 divide 2043780?
True
Is 5 a factor of 397153?
False
Does 26 divide 141986?
True
Does 13 divide 383656?
True
Is 2476581 a multiple of 79?
False
Is 69606 a multiple of 6?
True
Is 9100065 a multiple of 897?
True
Does 13 divide 585377?
True
Does 101 divide 124836?
True
Does 11 divide 1874783?
False
Is 5903 a multiple of 12?
False
Is 45484 a multiple of 195?
False
Is 304192 a multiple of 8?
True
Is 852300 a multiple of 180?
True
Is 297341 a multiple of 8?
False
Does 12 divide 124746?
False
Is 46 a factor of 31234?
True
Is 18414 a multiple of 9?
True
Is 151364 a multiple of 406?
False
Is 648 a factor of 793152?
True
Does 14 divide 1793400?
True
Is 445912 a multiple of 60?
False
Does 42 divide 1632456?
True
Is 626829 a multiple of 59?
False
Does 139 divide 387393?
True
Does 44 divide 129668?
True
Is 7563049 a multiple of 125?
False
Is 216 a factor of 527959?
False
Is 149634 a multiple of 27?
True
Is 180666 a multiple of 190?
False
Is 293 a factor of 19338?
True
Is 4669055 a multiple of 19?
False
Is 17 a factor of 1991686?
True
Is 122 a factor of 231116?
False
Does 137 divide 83707?
True
Does 585 divide 6332040?
True
Is 48 a factor of 65712?
True
Does 151 divide 966702?
True
Is 79 a factor of 65412?
True
Does 103 divide 109358?
False
Does 3 divide 19057?
False
Is 7748 a multiple of 6?
False
Is 100 a factor of 224808?
False
Is 142773 a multiple of 6?
False
Is 82 a factor of 210035?
False
Does 20 divide 508176?
False
Is 1354497 a multiple of 6?
False
Is 7 a factor of 465025?
False
Is 18 a factor of 9990?
True
Does 45 divide 355950?
True
Does 21 divide 727839?
True
Is 7 a factor of 251944?
True
Does 6 divide 5809926?
True
Is 130404 a multiple of 21?
False
Is 4 a factor of 26720?
True
Is 1582190 a multiple of 170?
True
Is 348829 a multiple of 13?
True
Is 132172 a multiple of 64?
False
Does 81 divide 180063?
True
Is 1992 a multiple of 24?
True
Is 391299 a multiple of 54?
False
Is 31318 a multiple of 2?
True
Is 9 a factor of 89532?
True
Is 441675 a multiple of 39?
True
Is 8 a factor of 520104?
True
Does 23 divide 409377?
True
Is 19 a factor of 48754?
True
Does 86 divide 706045?
False
Is 9 a factor of 58545?
True
Does 353 divide 183611?
False
Does 309 divide 23885?
False
Is 13 a factor of 110726?
False
Is 8034458 a multiple of 241?
True
Does 175 divide 487753?
False
Is 8 a factor of 289488?
True
Is 1883 a factor of 1392059?
False
Does 52 divide 3505027?
False
Does 502 divide 9871098?
False
Is 2265947 a multiple of 17?
True
Does 342 divide 94994?
False
Is 2078692 a multiple of 68?
True
Does 24 divide 130075?
False
Does 61 divide 75363?
False
Is 340 a factor of 3795420?
True
Is 11 a factor of 196328?
True
Does 4 divide 756272?
True
Does 93 divide 93987?
False
Does 83 divide 19498771?
False
Does 17 divide 29954?
True
Is 69 a factor of 171948?
True
Is 30 a factor of 80880?
True
Is 3832 a multiple of 2?
True
Is 81527 a multiple of 11?
False
Does 11 divide 1290069?
True
Does 19 divide 1771997?
True
Is 705561 a multiple of 108?
False
Does 41 divide 808274?
True
Is 1250 a factor of 14011250?
True
Does 91 divide 73070?
False
Does 69 divide 2679339?
True
Is 12071 a multiple of 35?
False
Is 1858922 a multiple of 10?
False
Is 154913 a multiple of 216?
False
Is 2626 a multiple of 2?
True
Is 167567 a multiple of 2?
False
Does 43 divide 126721?
True
Is 46 a factor of 727377?
False
Does 61 divide 2782027?
True
Does 9 divide 6633891?
True
Is 10328544 a multiple of 12?
True
Is 143683 a multiple of 32?
False
Is 958451 a multiple of 285?
False
Is 20 a factor of 194020?
True
Does 14 divide 57895?
False
Is 312464 a multiple of 118?
True
Does 27 divide 142317?
True
Is 323856 a multiple of 78?
True
Is 44 a factor of 208076?
True
Is 3 a factor of 26388?
True
Is 85323 a multiple of 239?
True
Does 31 divide 76539?
True
Does 68 divide 49844?
True
Is 10 a factor of 611250?
True
Is 33374 a multiple of 11?
True
Does 66 divide 257070?
True
Is 5830 a multiple of 21?
Fal